{"id":131,"date":"2013-06-02T07:57:50","date_gmt":"2013-06-02T07:57:50","guid":{"rendered":"http:\/\/10.90.0.103\/wordpress\/?page_id=131"},"modified":"2015-09-20T10:00:45","modified_gmt":"2015-09-20T08:00:45","slug":"pasniedzeji","status":"publish","type":"page","link":"https:\/\/www.sdk-zile.lv\/?page_id=131","title":{"rendered":"Pasniedz\u0113ji"},"content":{"rendered":"<p style=\"text-align: justify;\">SDK &#8220;Z\u012ble&#8221; dejot\u0101jus ar vieglajiem un sare\u017e\u0123\u012btajiem deju so\u013ciem iepaz\u012bstina un tren\u0113 br\u012bni\u0161\u0137\u012bgi pasniedz\u0113ji, kas sav\u0101 reiz\u0113 prot b\u016bt stingri un pras\u012bgi, gan vajadz\u012bg\u0101 br\u012bd\u012b uzmundrin\u0101t un sam\u012b\u013cot mazos dejot\u0101jus.<\/p>\n<table border=\"0\">\n<tbody>\n<tr style=\"background-color: #fdfafe; border: 0px;\">\n<td style=\"width: 235px;\"><img loading=\"lazy\" decoding=\"async\" class=\"wp-image-418 alignleft\" style=\"margin: 0px;\" src=\"http:\/\/www.sdk-zile.lv\/wp-content\/uploads\/2013\/06\/img-130906181408-001.jpg\" alt=\"img-130906181408-001\" width=\"235\" height=\"332\" srcset=\"https:\/\/www.sdk-zile.lv\/wp-content\/uploads\/2013\/06\/img-130906181408-001.jpg 1132w, https:\/\/www.sdk-zile.lv\/wp-content\/uploads\/2013\/06\/img-130906181408-001-212x300.jpg 212w, https:\/\/www.sdk-zile.lv\/wp-content\/uploads\/2013\/06\/img-130906181408-001-724x1024.jpg 724w\" sizes=\"(max-width: 235px) 100vw, 235px\" \/><\/td>\n<td style=\"width: 235px;\" align=\"left\" valign=\"top\">\n<h4><strong><em>Iveta Z\u012ble<\/em><\/strong><\/h4>\n<p style=\"text-align: justify;\"><span style=\"font-size: 14px;\">Sporta deju kluba &#8220;Z\u012ble&#8221; \u00a0vad\u012bt\u0101ja. LSDF trenere un tiesnese. Starptautisk\u0101s klases dejot\u0101ja un vair\u0101ku sacens\u012bbu godalgu ieguv\u0113ja.<\/span><\/p>\n<\/td>\n<\/tr>\n<tr style=\"background-color: #fdfafe; border: 0px;\">\n<td style=\"width: 235px;\"><img loading=\"lazy\" decoding=\"async\" class=\"alignleft wp-image-2266\" src=\"http:\/\/www.sdk-zile.lv\/wp-content\/uploads\/2013\/06\/12000086_883460268375379_431969238_n-225x300.jpg\" alt=\"12000086_883460268375379_431969238_n\" width=\"235\" height=\"313\" srcset=\"https:\/\/www.sdk-zile.lv\/wp-content\/uploads\/2013\/06\/12000086_883460268375379_431969238_n-225x300.jpg 225w, https:\/\/www.sdk-zile.lv\/wp-content\/uploads\/2013\/06\/12000086_883460268375379_431969238_n.jpg 601w\" sizes=\"(max-width: 235px) 100vw, 235px\" \/><\/td>\n<td align=\"left\" valign=\"top\">\n<h4><strong><em>U\u0123is Putni\u0146\u0161<\/em><\/strong><\/h4>\n<p style=\"text-align: justify;\"><span style=\"font-size: 14px;\">LSDF treneris. Starptautisk\u0101s klases dejot\u0101js un vair\u0101ku sacens\u012bbu godalgu ieguv\u0113js.<em>\u00a0<\/em><\/span><\/p>\n<\/td>\n<\/tr>\n<\/tbody>\n<\/table>\n","protected":false},"excerpt":{"rendered":"<p style=\"text-align: justify;\">SDK &#8220;Z\u012ble&#8221; dejot\u0101jus ar vieglajiem un sare\u017e\u0123\u012btajiem deju so\u013ciem iepaz\u012bstina un tren\u0113 br\u012bni\u0161\u0137\u012bgi pasniedz\u0113ji, kas sav\u0101 reiz\u0113 prot b\u016bt stingri un pras\u012bgi, gan vajadz\u012bg\u0101 br\u012bd\u012b uzmundrin\u0101t un sam\u012b\u013cot mazos dejot\u0101jus.<\/p>\n<p> Iveta Z\u012ble <\/p>\n<p style=\"text-align: justify;\">Sporta deju kluba &#8220;Z\u012ble&#8221; \u00a0vad\u012bt\u0101ja. LSDF trenere un tiesnese. Starptautisk\u0101s klases dejot\u0101ja un vair\u0101ku sacens\u012bbu godalgu ieguv\u0113ja.<\/p>\n<p> U\u0123is Putni\u0146\u0161 &hellip; <\/p>\n<p><a class=\"more-link block-button\" href=\"https:\/\/www.sdk-zile.lv\/?page_id=131\">Las\u012bt t\u0101l\u0101k &raquo;<\/a><\/p>\n","protected":false},"author":1,"featured_media":0,"parent":129,"menu_order":1,"comment_status":"closed","ping_status":"closed","template":"","meta":{"footnotes":"","_links_to":"","_links_to_target":""},"class_list":["post-131","page","type-page","status-publish","hentry","nodate"],"_links":{"self":[{"href":"https:\/\/www.sdk-zile.lv\/index.php?rest_route=\/wp\/v2\/pages\/131"}],"collection":[{"href":"https:\/\/www.sdk-zile.lv\/index.php?rest_route=\/wp\/v2\/pages"}],"about":[{"href":"https:\/\/www.sdk-zile.lv\/index.php?rest_route=\/wp\/v2\/types\/page"}],"author":[{"embeddable":true,"href":"https:\/\/www.sdk-zile.lv\/index.php?rest_route=\/wp\/v2\/users\/1"}],"replies":[{"embeddable":true,"href":"https:\/\/www.sdk-zile.lv\/index.php?rest_route=%2Fwp%2Fv2%2Fcomments&post=131"}],"version-history":[{"count":41,"href":"https:\/\/www.sdk-zile.lv\/index.php?rest_route=\/wp\/v2\/pages\/131\/revisions"}],"predecessor-version":[{"id":2267,"href":"https:\/\/www.sdk-zile.lv\/index.php?rest_route=\/wp\/v2\/pages\/131\/revisions\/2267"}],"up":[{"embeddable":true,"href":"https:\/\/www.sdk-zile.lv\/index.php?rest_route=\/wp\/v2\/pages\/129"}],"wp:attachment":[{"href":"https:\/\/www.sdk-zile.lv\/index.php?rest_route=%2Fwp%2Fv2%2Fmedia&parent=131"}],"curies":[{"name":"wp","href":"https:\/\/api.w.org\/{rel}","templated":true}]}}