{"id":129,"date":"2013-06-02T07:57:24","date_gmt":"2013-06-02T07:57:24","guid":{"rendered":"http:\/\/10.90.0.103\/wordpress\/?page_id=129"},"modified":"2018-01-24T11:45:35","modified_gmt":"2018-01-24T09:45:35","slug":"par-mums-2","status":"publish","type":"page","link":"https:\/\/www.sdk-zile.lv\/?page_id=129","title":{"rendered":"Par mums"},"content":{"rendered":"<p style=\"text-align: justify;\">Sporta\u00a0deju klubs\u00a0Z\u012aLE savus dejot\u0101jus pulcina kop\u0101 k\u0101 M\u0101lpil\u012b, t\u0101 Siguld\u0101, m\u0113r\u0137tiec\u012bgi veidojot stabilu un notur\u012bgu izlases grupu, kura piedal\u0101s Latvijas Sporta Deju Feder\u0101cijas r\u012bkotajos \u010dempion\u0101tos, reitingos un kausa izc\u012b\u0146as posmos, k\u0101 ar\u012b sadraudz\u012bbas sacens\u012bb\u0101s un iesp\u0113ju robe\u017e\u0101s \u0101rpus Latvijas. Klub\u0101 ir izveidojies jautrs un draudz\u012bgs kolekt\u012bvs, k\u0101 b\u0113rnu, t\u0101 pedagogu vid\u016b. Ilgas un nogurdino\u0161as stundas pavad\u0101m deju z\u0101l\u0113 ne tikai dejojot, bet ar\u012b sporta nodarb\u012bb\u0101s, lai tren\u0113tu iztur\u012bbu, kas tik \u013coti nepiecie\u0161ama deju laukum\u0101 un horeogr\u0101fijas stund\u0101s, att\u012bstot koordin\u0101ciju, lokan\u012bbu un auguma plastiku. Kad labi pastr\u0101d\u0101ts &#8211; kop\u012bgi atp\u016b\u0161amies, r\u012bkojot kop\u0101 da\u017e\u0101dus pas\u0101kumus. Un te gribas min\u0113t rado\u0161o un atsauc\u012bgo vec\u0101ku kolekt\u012bvu, kas pamaz\u0101m ar savu entuziasmu\u00a0kop\u012bgi pulcina katru jauno \u0123imeni, kas nedro\u0161i raug\u0101s uz visu jauno un neierasto.<\/p>\n<p style=\"text-align: justify;\">Kluba dejot\u0101ji vienm\u0113r ir atsauc\u012bgi pied\u0101v\u0101jumiem demonstr\u0113t savu prasmi. Dejojam da\u017e\u0101dos pas\u0101kumos, cen\u0161amies neatteikt nevienam grib\u0113t\u0101jam m\u016bs redz\u0113t! T\u0101 k\u0101 klub\u0101 tiek p\u0101rst\u0101v\u0113tas gandr\u012bz visas vecuma grupas no\u00a0\u00a0<strong>B\u0113rni I\u00a0<\/strong>l\u012bdz<strong>\u00a0Jaunie\u0161iem,\u00a0<\/strong>tad sp\u0113jam da\u017e\u0101dos l\u012bme\u0146os par\u0101d\u012bt deju prasmi no\u00a0<strong>ies\u0101c\u0113ju<\/strong>\u00a0l\u012bme\u0146a l\u012bdz pat augstajai<strong>\u00a0A\u00a0<\/strong>klasei.<\/p>\n<p>&nbsp;<\/p>\n<p style=\"text-align: justify;\">Ik gadu Latvijas Sporta Deju Feder\u0101cija r\u012bko reitinga\u00a0\u00a0un ar\u012b Latvijas Kausa izc\u012b\u0146as sacens\u012bbas. Katram p\u0101rim, protams, ir savs m\u0113r\u0137is, ko tas grib sasniegt. Darbojas visa komanda: b\u0113rni, pedagogi un, protams, vec\u0101ki. Gada garum\u0101 sacens\u012bbas notiek da\u017e\u0101d\u0101s Latvijas pils\u0113t\u0101s, uz kur\u0101m tad ar\u012b dodamies un start\u0113jam. Priec\u0101jamies par veiksm\u0113m un izv\u0113rt\u0113jam neveiksmes, jo tikai pa\u0161us lab\u0101kos, visa gada garum\u0101, LSDF aicina uz apbalvo\u0161anas ceremoniju.<\/p>\n","protected":false},"excerpt":{"rendered":"<p style=\"text-align: justify;\">Sporta\u00a0deju klubs\u00a0Z\u012aLE savus dejot\u0101jus pulcina kop\u0101 k\u0101 M\u0101lpil\u012b, t\u0101 Siguld\u0101, m\u0113r\u0137tiec\u012bgi veidojot stabilu un notur\u012bgu izlases grupu, kura piedal\u0101s Latvijas Sporta Deju Feder\u0101cijas r\u012bkotajos \u010dempion\u0101tos, reitingos un kausa izc\u012b\u0146as posmos, k\u0101 ar\u012b sadraudz\u012bbas sacens\u012bb\u0101s un iesp\u0113ju robe\u017e\u0101s \u0101rpus Latvijas. Klub\u0101 ir izveidojies jautrs un draudz\u012bgs kolekt\u012bvs, k\u0101 b\u0113rnu, t\u0101 pedagogu vid\u016b. Ilgas un &hellip; <\/p>\n<p><a class=\"more-link block-button\" href=\"https:\/\/www.sdk-zile.lv\/?page_id=129\">Las\u012bt t\u0101l\u0101k &raquo;<\/a><\/p>\n","protected":false},"author":1,"featured_media":0,"parent":0,"menu_order":1,"comment_status":"closed","ping_status":"closed","template":"","meta":{"footnotes":"","_links_to":"","_links_to_target":""},"class_list":["post-129","page","type-page","status-publish","hentry","nodate"],"_links":{"self":[{"href":"https:\/\/www.sdk-zile.lv\/index.php?rest_route=\/wp\/v2\/pages\/129"}],"collection":[{"href":"https:\/\/www.sdk-zile.lv\/index.php?rest_route=\/wp\/v2\/pages"}],"about":[{"href":"https:\/\/www.sdk-zile.lv\/index.php?rest_route=\/wp\/v2\/types\/page"}],"author":[{"embeddable":true,"href":"https:\/\/www.sdk-zile.lv\/index.php?rest_route=\/wp\/v2\/users\/1"}],"replies":[{"embeddable":true,"href":"https:\/\/www.sdk-zile.lv\/index.php?rest_route=%2Fwp%2Fv2%2Fcomments&post=129"}],"version-history":[{"count":12,"href":"https:\/\/www.sdk-zile.lv\/index.php?rest_route=\/wp\/v2\/pages\/129\/revisions"}],"predecessor-version":[{"id":4250,"href":"https:\/\/www.sdk-zile.lv\/index.php?rest_route=\/wp\/v2\/pages\/129\/revisions\/4250"}],"wp:attachment":[{"href":"https:\/\/www.sdk-zile.lv\/index.php?rest_route=%2Fwp%2Fv2%2Fmedia&parent=129"}],"curies":[{"name":"wp","href":"https:\/\/api.w.org\/{rel}","templated":true}]}}